{"id":437,"date":"2012-07-25T16:45:05","date_gmt":"2012-07-25T14:45:05","guid":{"rendered":"http:\/\/www.retrochap.fr\/site\/?page_id=437"},"modified":"2017-10-01T13:29:58","modified_gmt":"2017-10-01T11:29:58","slug":"nos-sponsors","status":"publish","type":"page","link":"https:\/\/www.retrochap.fr\/site\/nos-sponsors\/","title":{"rendered":"Nos Sponsors"},"content":{"rendered":"<p>&#8211; La ville de la Chapelle Saint Mesmin<\/p>\n<p>&#8211; Le magasin Eur\u00eaka \u00e0 Orl\u00e9ans<\/p>\n<p>&#8211; Le conseil r\u00e9gional de la R\u00e9gion Centre<\/p>\n<p>&#8211; Le Chateau d&rsquo;Issan &#8211; Grand Cru class\u00e9 Margaux<\/p>\n<p>&#8211; Le contr\u00f4le technique des Pierrelets<\/p>\n","protected":false},"excerpt":{"rendered":"<p>&#8211; La ville de la Chapelle Saint Mesmin &#8211; Le magasin Eur\u00eaka \u00e0 Orl\u00e9ans &#8211; Le conseil r\u00e9gional de la R\u00e9gion Centre &#8211; Le Chateau d&rsquo;Issan &#8211; Grand Cru class\u00e9 [&hellip;]<\/p>\n","protected":false},"author":1,"featured_media":0,"parent":0,"menu_order":0,"comment_status":"closed","ping_status":"closed","template":"","meta":{"footnotes":""},"class_list":["post-437","page","type-page","status-publish","czr-hentry"],"_links":{"self":[{"href":"https:\/\/www.retrochap.fr\/site\/wp-json\/wp\/v2\/pages\/437","targetHints":{"allow":["GET"]}}],"collection":[{"href":"https:\/\/www.retrochap.fr\/site\/wp-json\/wp\/v2\/pages"}],"about":[{"href":"https:\/\/www.retrochap.fr\/site\/wp-json\/wp\/v2\/types\/page"}],"author":[{"embeddable":true,"href":"https:\/\/www.retrochap.fr\/site\/wp-json\/wp\/v2\/users\/1"}],"replies":[{"embeddable":true,"href":"https:\/\/www.retrochap.fr\/site\/wp-json\/wp\/v2\/comments?post=437"}],"version-history":[{"count":14,"href":"https:\/\/www.retrochap.fr\/site\/wp-json\/wp\/v2\/pages\/437\/revisions"}],"predecessor-version":[{"id":2706,"href":"https:\/\/www.retrochap.fr\/site\/wp-json\/wp\/v2\/pages\/437\/revisions\/2706"}],"wp:attachment":[{"href":"https:\/\/www.retrochap.fr\/site\/wp-json\/wp\/v2\/media?parent=437"}],"curies":[{"name":"wp","href":"https:\/\/api.w.org\/{rel}","templated":true}]}}