{"id":7734,"date":"2023-01-15T11:04:19","date_gmt":"2023-01-15T10:04:19","guid":{"rendered":"https:\/\/www.retrochap.fr\/site\/?page_id=7734"},"modified":"2026-02-18T17:58:47","modified_gmt":"2026-02-18T16:58:47","slug":"inscription-rallye","status":"publish","type":"page","link":"https:\/\/www.retrochap.fr\/site\/inscription-rallye\/","title":{"rendered":"Inscription Sortie Promenade"},"content":{"rendered":"<div class=\"page\" title=\"Page 1\">\n<h2><span style=\"color: #0000ff;\"><em>Vous l&rsquo;attendiez avec impatience, la voil\u00e0 notre premi\u00e8re sortie de l&rsquo;ann\u00e9e 2026.<\/em><\/span><\/h2>\n<h2><strong><u>Bulletin d&rsquo;inscription 94\u00e8me sortie promenade R\u00e9trochap \u00ab\u00a0des jonquilles au derniers lilas\u00a0\u00bb, dimanche 29 mars 2026<\/u><\/strong><\/h2>\n<p>Nous vous proposons de descendre dans le Cher en terre \u00e9cossaise \u00e0 Aubigny sur N\u00e8re.<br \/>\nDepuis la Chapelle St Mesmin, nous prendrons la direction de Oizon afin de rejoindre le<span style=\"color: #0000ff;\"><strong> Ch\u00e2teau de la Verrerie<\/strong><\/span> o\u00f9<br \/>\nnous sommes attendus pour une visite priv\u00e9e de cette demeure encore familiale \u00e0 ce jour.<\/p>\n<p><img loading=\"lazy\" decoding=\"async\" class=\"alignnone size-full wp-image-12416\" src=\"https:\/\/www.retrochap.fr\/site\/wp-content\/uploads\/2026\/02\/la-verrerie.jpeg\" alt=\"\" width=\"275\" height=\"183\" \/><\/p>\n<p>Le d\u00e9jeuner sera pris en commun au restaurant \u00ab La Fontaine \u00bb \u00e0 Aubigny sur N\u00e8re.<br \/>\nL\u2019apr\u00e8s-midi sera consacr\u00e9e \u00e0 une visite libre de la ville d\u2019Aubigny sur N\u00e8re, petite cit\u00e9 de caract\u00e8re.<br \/>\nLe retour, par des routes aux couleurs printani\u00e8res nous conduira vers notre pot de fin de promenade au<br \/>\npied de la basilique de Cl\u00e9ry Saint Andr\u00e9.<\/p>\n<p><strong>N&rsquo;h\u00e9sitez plus et inscrivez-vous avant le <span style=\"color: #0000ff;\">dimanche 22 mars <\/span><em><span style=\"color: #0000ff;\">2026 <\/span>inclus et <span style=\"color: #0000ff;\">dans la limite de 65 participants<\/span><\/em>&#8230; <\/strong><a href=\"https:\/\/www.retrochap.fr\/site\/wp-content\/uploads\/2026\/02\/Bulletin-inscription-sortie-promenade-des-jonquilles_version3-29-mars-2026.pdf\"><strong>Inscription \u00e0 la sortie promenade des jonquilles aux derniers lilas<\/strong><\/a><\/p>\n<p>&nbsp;<\/p>\n<\/div>\n<div title=\"Page 1\"><\/div>\n<div title=\"Page 1\"><\/div>\n<div class=\"page\" title=\"Page 1\">\n<div class=\"section\">\n<div class=\"layoutArea\">\n<div class=\"page\" title=\"Page 1\">\n<div class=\"section\">\n<div class=\"layoutArea\">\n<div class=\"column\">\n<div class=\"page\" title=\"Page 1\">\n<div class=\"section\">\n<div class=\"layoutArea\">\n<div class=\"page\" title=\"Page 1\">\n<div class=\"section\">\n<div class=\"layoutArea\"><\/div>\n<\/div>\n<div title=\"Page 1\"><\/div>\n<div title=\"Page 1\">\n<p>&nbsp;<\/p>\n<\/div>\n<div class=\"section\">\n<div class=\"layoutArea\"><\/div>\n<div title=\"Page 1\">\n<p>&nbsp;<\/p>\n<\/div>\n<\/div>\n<\/div>\n<\/div>\n<\/div>\n<\/div>\n<\/div>\n<\/div>\n<\/div>\n<\/div>\n<\/div>\n<\/div>\n<\/div>\n","protected":false},"excerpt":{"rendered":"<p>Vous l&rsquo;attendiez avec impatience, la voil\u00e0 notre premi\u00e8re sortie de l&rsquo;ann\u00e9e 2026. Bulletin d&rsquo;inscription 94\u00e8me sortie promenade R\u00e9trochap \u00ab\u00a0des jonquilles au derniers lilas\u00a0\u00bb, dimanche 29 mars 2026 Nous vous proposons [&hellip;]<\/p>\n","protected":false},"author":1,"featured_media":2727,"parent":0,"menu_order":0,"comment_status":"closed","ping_status":"closed","template":"","meta":{"footnotes":""},"class_list":["post-7734","page","type-page","status-publish","has-post-thumbnail","czr-hentry"],"_links":{"self":[{"href":"https:\/\/www.retrochap.fr\/site\/wp-json\/wp\/v2\/pages\/7734","targetHints":{"allow":["GET"]}}],"collection":[{"href":"https:\/\/www.retrochap.fr\/site\/wp-json\/wp\/v2\/pages"}],"about":[{"href":"https:\/\/www.retrochap.fr\/site\/wp-json\/wp\/v2\/types\/page"}],"author":[{"embeddable":true,"href":"https:\/\/www.retrochap.fr\/site\/wp-json\/wp\/v2\/users\/1"}],"replies":[{"embeddable":true,"href":"https:\/\/www.retrochap.fr\/site\/wp-json\/wp\/v2\/comments?post=7734"}],"version-history":[{"count":101,"href":"https:\/\/www.retrochap.fr\/site\/wp-json\/wp\/v2\/pages\/7734\/revisions"}],"predecessor-version":[{"id":12426,"href":"https:\/\/www.retrochap.fr\/site\/wp-json\/wp\/v2\/pages\/7734\/revisions\/12426"}],"wp:featuredmedia":[{"embeddable":true,"href":"https:\/\/www.retrochap.fr\/site\/wp-json\/wp\/v2\/media\/2727"}],"wp:attachment":[{"href":"https:\/\/www.retrochap.fr\/site\/wp-json\/wp\/v2\/media?parent=7734"}],"curies":[{"name":"wp","href":"https:\/\/api.w.org\/{rel}","templated":true}]}}