{"id":7734,"date":"2023-01-15T11:04:19","date_gmt":"2023-01-15T10:04:19","guid":{"rendered":"https:\/\/www.retrochap.fr\/site\/?page_id=7734"},"modified":"2026-08-04T08:42:15","modified_gmt":"2026-08-04T06:42:15","slug":"inscription-rallye","status":"publish","type":"page","link":"https:\/\/www.retrochap.fr\/site\/inscription-rallye\/","title":{"rendered":"Inscription Sortie Promenade"},"content":{"rendered":"<div class=\"page\" title=\"Page 1\">\n<div class=\"page\" title=\"Page 1\">\n<h2><span style=\"color: #0000ff;\"><em>Samedi 22 Ao\u00fbt 2026 &#8211; Festivit\u00e9s de la Lib\u00e9ration \u00e0 Artenay.<\/em><\/span><\/h2>\n<p>Vous trouverez ci-apr\u00e8s le bulletin d&rsquo;adh\u00e9sion pour la nouvelle \u00e9dition de la comm\u00e9moration de la lib\u00e9ration d&rsquo;Artenay du samedi 22 ao\u00fbt 2026.<\/p>\n<\/div>\n<div class=\"page\" title=\"Page 1\">\n<p><strong>N&rsquo;h\u00e9sitez plus et inscrivez vous avant le <span style=\"color: #0000ff;\">Lundi 17 ao\u00fbt <\/span><em><span style=\"color: #0000ff;\">2026 <\/span>inclus<\/em>&#8230; <\/strong><a href=\"https:\/\/www.retrochap.fr\/site\/wp-content\/uploads\/2026\/08\/Bulletin-inscription-fete-dArthenay-22-aout-2026.pdf\"><strong>Inscription aux festivit\u00e9s de la lib\u00e9ration d&rsquo;Artenay<\/strong><\/a><\/p>\n<\/div>\n<\/div>\n<p><img loading=\"lazy\" decoding=\"async\" class=\"alignnone size-medium wp-image-12911\" src=\"https:\/\/www.retrochap.fr\/site\/wp-content\/uploads\/2026\/08\/artenay1-200x300.jpg\" alt=\"\" width=\"200\" height=\"300\" srcset=\"https:\/\/www.retrochap.fr\/site\/wp-content\/uploads\/2026\/08\/artenay1-200x300.jpg 200w, https:\/\/www.retrochap.fr\/site\/wp-content\/uploads\/2026\/08\/artenay1.jpg 452w\" sizes=\"auto, (max-width: 200px) 100vw, 200px\" \/><\/p>\n<p>&nbsp;<\/p>\n<p>****************************************************************************************************************************************************<\/p>\n<div class=\"page\" title=\"Page 1\">\n<h2>\u00a0<span style=\"color: #0000ff;\"><em>Samedi 29 Ao\u00fbt 2026 &#8211; 15\u00e8me f\u00eate du pont &#8211; Meung sur Loire &#8211; Cl\u00e9ry Saint Andr\u00e9.<\/em><\/span><\/h2>\n<p>Vous trouverez ci-apr\u00e8s le bulletin d&rsquo;adh\u00e9sion pour la 15\u00e8me \u00e9dition de la f\u00eate du pont du samedi 29 ao\u00fbt 2026.<\/p>\n<\/div>\n<div class=\"page\" title=\"Page 1\">\n<p><strong>N&rsquo;h\u00e9sitez plus et inscrivez vous avant le <span style=\"color: #0000ff;\">Mercredi 26 ao\u00fbt <\/span><em><span style=\"color: #0000ff;\">2026 <\/span>inclus<\/em>&#8230; <\/strong><a href=\"https:\/\/www.retrochap.fr\/site\/wp-content\/uploads\/2026\/07\/Bulletin-inscription_fete-du-pont-2026-29-aout-2026-version3-maj-10-juillet-2026.pdf\"><strong>Inscription \u00e0 la 15\u00e8me \u00e9dition de la f\u00eate du pont<\/strong><\/a><\/p>\n<p>&nbsp;<\/p>\n<\/div>\n<div class=\"page\" title=\"Page 1\">\n<div class=\"section\">\n<div class=\"layoutArea\">\n<div class=\"page\" title=\"Page 1\">\n<div class=\"section\">\n<div class=\"layoutArea\">\n<div class=\"column\">\n<div class=\"page\" title=\"Page 1\">\n<div class=\"section\">\n<div class=\"layoutArea\">\n<div class=\"page\" title=\"Page 1\">\n<div title=\"Page 1\">\n<div class=\"page\" title=\"Page 1\">\n<p><img loading=\"lazy\" decoding=\"async\" class=\"alignnone size-medium wp-image-12833\" src=\"https:\/\/www.retrochap.fr\/site\/wp-content\/uploads\/2026\/07\/Meung-sur-Loire-300x169.jpg\" alt=\"\" width=\"300\" height=\"169\" srcset=\"https:\/\/www.retrochap.fr\/site\/wp-content\/uploads\/2026\/07\/Meung-sur-Loire-300x169.jpg 300w, https:\/\/www.retrochap.fr\/site\/wp-content\/uploads\/2026\/07\/Meung-sur-Loire-1024x576.jpg 1024w, https:\/\/www.retrochap.fr\/site\/wp-content\/uploads\/2026\/07\/Meung-sur-Loire-768x432.jpg 768w, https:\/\/www.retrochap.fr\/site\/wp-content\/uploads\/2026\/07\/Meung-sur-Loire-1536x864.jpg 1536w, https:\/\/www.retrochap.fr\/site\/wp-content\/uploads\/2026\/07\/Meung-sur-Loire-570x321.jpg 570w, https:\/\/www.retrochap.fr\/site\/wp-content\/uploads\/2026\/07\/Meung-sur-Loire-1110x624.jpg 1110w, https:\/\/www.retrochap.fr\/site\/wp-content\/uploads\/2026\/07\/Meung-sur-Loire-528x297.jpg 528w, https:\/\/www.retrochap.fr\/site\/wp-content\/uploads\/2026\/07\/Meung-sur-Loire-1320x743.jpg 1320w, https:\/\/www.retrochap.fr\/site\/wp-content\/uploads\/2026\/07\/Meung-sur-Loire.jpg 1900w\" sizes=\"auto, (max-width: 300px) 100vw, 300px\" \/><\/p>\n<\/div>\n<\/div>\n<div class=\"section\">\n<div class=\"layoutArea\">********************************************************************************************************************************<\/div>\n<\/div>\n<div>\n<div class=\"page\" title=\"Page 1\">\n<h2><span style=\"color: #0000ff;\"><em>Samedi 19 septembre 2026 &#8211; 100<\/em><\/span><span style=\"color: #0000ff;\"><em>\u00e8me sortie promenade R\u00e9trochap.<\/em><\/span><\/h2>\n<p>Vous trouverez ci-apr\u00e8s le bulletin d&rsquo;adh\u00e9sion pour la 100\u00e8me sortie R\u00e9trochaop samedi 19 septembre 2026.<\/p>\n<\/div>\n<div class=\"page\" title=\"Page 1\">\n<p><strong>N&rsquo;h\u00e9sitez plus et inscrivez vous avant le <span style=\"color: #0000ff;\">Vendredi 11septembre ao\u00fbt <\/span><em><span style=\"color: #0000ff;\">2026 <\/span>inclus<\/em>&#8230; <\/strong><a href=\"https:\/\/www.retrochap.fr\/site\/wp-content\/uploads\/2026\/07\/Bulletin-inscription-sortie-mecaniques-en-tous-genres_-version-1-19-septembre-2026.pdf\"><strong>Inscription \u00e0 la 100\u00e8me sortie promenade R\u00e9trochap<\/strong><\/a><\/p>\n<p>&nbsp;<\/p>\n<\/div>\n<\/div>\n<div class=\"section\">\n<div title=\"Page 1\">\n<p><img loading=\"lazy\" decoding=\"async\" class=\"alignnone wp-image-12886\" src=\"https:\/\/www.retrochap.fr\/site\/wp-content\/uploads\/2026\/07\/Matra-300x300.jpg\" alt=\"\" width=\"237\" height=\"237\" srcset=\"https:\/\/www.retrochap.fr\/site\/wp-content\/uploads\/2026\/07\/Matra-300x300.jpg 300w, https:\/\/www.retrochap.fr\/site\/wp-content\/uploads\/2026\/07\/Matra-150x150.jpg 150w, https:\/\/www.retrochap.fr\/site\/wp-content\/uploads\/2026\/07\/Matra-144x144.jpg 144w, https:\/\/www.retrochap.fr\/site\/wp-content\/uploads\/2026\/07\/Matra.jpg 333w\" sizes=\"auto, (max-width: 237px) 100vw, 237px\" \/><img loading=\"lazy\" decoding=\"async\" class=\"alignnone wp-image-12885\" src=\"https:\/\/www.retrochap.fr\/site\/wp-content\/uploads\/2026\/07\/Societe-francaise-Vierzon-300x170.jpg\" alt=\"\" width=\"302\" height=\"171\" srcset=\"https:\/\/www.retrochap.fr\/site\/wp-content\/uploads\/2026\/07\/Societe-francaise-Vierzon-300x170.jpg 300w, https:\/\/www.retrochap.fr\/site\/wp-content\/uploads\/2026\/07\/Societe-francaise-Vierzon-570x323.jpg 570w, https:\/\/www.retrochap.fr\/site\/wp-content\/uploads\/2026\/07\/Societe-francaise-Vierzon-528x297.jpg 528w, https:\/\/www.retrochap.fr\/site\/wp-content\/uploads\/2026\/07\/Societe-francaise-Vierzon.jpg 738w\" sizes=\"auto, (max-width: 302px) 100vw, 302px\" \/><\/p>\n<\/div>\n<\/div>\n<\/div>\n<\/div>\n<\/div>\n<\/div>\n<\/div>\n<\/div>\n<\/div>\n<\/div>\n<\/div>\n<\/div>\n<\/div>\n","protected":false},"excerpt":{"rendered":"<p>Samedi 22 Ao\u00fbt 2026 &#8211; Festivit\u00e9s de la Lib\u00e9ration \u00e0 Artenay. Vous trouverez ci-apr\u00e8s le bulletin d&rsquo;adh\u00e9sion pour la nouvelle \u00e9dition de la comm\u00e9moration de la lib\u00e9ration d&rsquo;Artenay du samedi [&hellip;]<\/p>\n","protected":false},"author":1,"featured_media":2727,"parent":0,"menu_order":0,"comment_status":"closed","ping_status":"closed","template":"","meta":{"footnotes":"","_members_access_role":[],"_members_access_error":""},"class_list":["post-7734","page","type-page","status-publish","has-post-thumbnail","czr-hentry"],"_links":{"self":[{"href":"https:\/\/www.retrochap.fr\/site\/wp-json\/wp\/v2\/pages\/7734","targetHints":{"allow":["GET"]}}],"collection":[{"href":"https:\/\/www.retrochap.fr\/site\/wp-json\/wp\/v2\/pages"}],"about":[{"href":"https:\/\/www.retrochap.fr\/site\/wp-json\/wp\/v2\/types\/page"}],"author":[{"embeddable":true,"href":"https:\/\/www.retrochap.fr\/site\/wp-json\/wp\/v2\/users\/1"}],"replies":[{"embeddable":true,"href":"https:\/\/www.retrochap.fr\/site\/wp-json\/wp\/v2\/comments?post=7734"}],"version-history":[{"count":117,"href":"https:\/\/www.retrochap.fr\/site\/wp-json\/wp\/v2\/pages\/7734\/revisions"}],"predecessor-version":[{"id":12913,"href":"https:\/\/www.retrochap.fr\/site\/wp-json\/wp\/v2\/pages\/7734\/revisions\/12913"}],"wp:featuredmedia":[{"embeddable":true,"href":"https:\/\/www.retrochap.fr\/site\/wp-json\/wp\/v2\/media\/2727"}],"wp:attachment":[{"href":"https:\/\/www.retrochap.fr\/site\/wp-json\/wp\/v2\/media?parent=7734"}],"curies":[{"name":"wp","href":"https:\/\/api.w.org\/{rel}","templated":true}]}}

<div class="page" title="Page 1">
<div class="page" title="Page 1">
<h2><span style="color: #0000ff;"><em>Samedi 22 Août 2026 &#8211; Festivités de la Libération à Artenay.</em></span></h2>
<p>Vous trouverez ci-après le bulletin d&rsquo;adhésion pour la nouvelle édition de la commémoration de la libération d&rsquo;Artenay du samedi 22 août 2026.</p>
</div>
<div class="page" title="Page 1">
<p><strong>N&rsquo;hésitez plus et inscrivez vous avant le <span style="color: #0000ff;">Lundi 17 août </span><em><span style="color: #0000ff;">2026 </span>inclus</em>&#8230; </strong><a href="https://www.retrochap.fr/site/wp-content/uploads/2026/08/Bulletin-inscription-fete-dArthenay-22-aout-2026.pdf"><strong>Inscription aux festivités de la libération d&rsquo;Artenay</strong></a></p>
</div>
</div>
<p><img loading="lazy" decoding="async" class="alignnone size-medium wp-image-12911" src="https://www.retrochap.fr/site/wp-content/uploads/2026/08/artenay1-200x300.jpg" alt="" width="200" height="300" srcset="https://www.retrochap.fr/site/wp-content/uploads/2026/08/artenay1-200x300.jpg 200w, https://www.retrochap.fr/site/wp-content/uploads/2026/08/artenay1.jpg 452w" sizes="auto, (max-width: 200px) 100vw, 200px" /></p>
<p>&nbsp;</p>
<p>****************************************************************************************************************************************************</p>
<div class="page" title="Page 1">
<h2> <span style="color: #0000ff;"><em>Samedi 29 Août 2026 &#8211; 15ème fête du pont &#8211; Meung sur Loire &#8211; Cléry Saint André.</em></span></h2>
<p>Vous trouverez ci-après le bulletin d&rsquo;adhésion pour la 15ème édition de la fête du pont du samedi 29 août 2026.</p>
</div>
<div class="page" title="Page 1">
<p><strong>N&rsquo;hésitez plus et inscrivez vous avant le <span style="color: #0000ff;">Mercredi 26 août </span><em><span style="color: #0000ff;">2026 </span>inclus</em>&#8230; </strong><a href="https://www.retrochap.fr/site/wp-content/uploads/2026/07/Bulletin-inscription_fete-du-pont-2026-29-aout-2026-version3-maj-10-juillet-2026.pdf"><strong>Inscription à la 15ème édition de la fête du pont</strong></a></p>
<p>&nbsp;</p>
</div>
<div class="page" title="Page 1">
<div class="section">
<div class="layoutArea">
<div class="page" title="Page 1">
<div class="section">
<div class="layoutArea">
<div class="column">
<div class="page" title="Page 1">
<div class="section">
<div class="layoutArea">
<div class="page" title="Page 1">
<div title="Page 1">
<div class="page" title="Page 1">
<p><img loading="lazy" decoding="async" class="alignnone size-medium wp-image-12833" src="https://www.retrochap.fr/site/wp-content/uploads/2026/07/Meung-sur-Loire-300x169.jpg" alt="" width="300" height="169" srcset="https://www.retrochap.fr/site/wp-content/uploads/2026/07/Meung-sur-Loire-300x169.jpg 300w, https://www.retrochap.fr/site/wp-content/uploads/2026/07/Meung-sur-Loire-1024x576.jpg 1024w, https://www.retrochap.fr/site/wp-content/uploads/2026/07/Meung-sur-Loire-768x432.jpg 768w, https://www.retrochap.fr/site/wp-content/uploads/2026/07/Meung-sur-Loire-1536x864.jpg 1536w, https://www.retrochap.fr/site/wp-content/uploads/2026/07/Meung-sur-Loire-570x321.jpg 570w, https://www.retrochap.fr/site/wp-content/uploads/2026/07/Meung-sur-Loire-1110x624.jpg 1110w, https://www.retrochap.fr/site/wp-content/uploads/2026/07/Meung-sur-Loire-528x297.jpg 528w, https://www.retrochap.fr/site/wp-content/uploads/2026/07/Meung-sur-Loire-1320x743.jpg 1320w, https://www.retrochap.fr/site/wp-content/uploads/2026/07/Meung-sur-Loire.jpg 1900w" sizes="auto, (max-width: 300px) 100vw, 300px" /></p>
</div>
</div>
<div class="section">
<div class="layoutArea">********************************************************************************************************************************</div>
</div>
<div>
<div class="page" title="Page 1">
<h2><span style="color: #0000ff;"><em>Samedi 19 septembre 2026 &#8211; 100</em></span><span style="color: #0000ff;"><em>ème sortie promenade Rétrochap.</em></span></h2>
<p>Vous trouverez ci-après le bulletin d&rsquo;adhésion pour la 100ème sortie Rétrochaop samedi 19 septembre 2026.</p>
</div>
<div class="page" title="Page 1">
<p><strong>N&rsquo;hésitez plus et inscrivez vous avant le <span style="color: #0000ff;">Vendredi 11septembre août </span><em><span style="color: #0000ff;">2026 </span>inclus</em>&#8230; </strong><a href="https://www.retrochap.fr/site/wp-content/uploads/2026/07/Bulletin-inscription-sortie-mecaniques-en-tous-genres_-version-1-19-septembre-2026.pdf"><strong>Inscription à la 100ème sortie promenade Rétrochap</strong></a></p>
<p>&nbsp;</p>
</div>
</div>
<div class="section">
<div title="Page 1">
<p><img loading="lazy" decoding="async" class="alignnone wp-image-12886" src="https://www.retrochap.fr/site/wp-content/uploads/2026/07/Matra-300x300.jpg" alt="" width="237" height="237" srcset="https://www.retrochap.fr/site/wp-content/uploads/2026/07/Matra-300x300.jpg 300w, https://www.retrochap.fr/site/wp-content/uploads/2026/07/Matra-150x150.jpg 150w, https://www.retrochap.fr/site/wp-content/uploads/2026/07/Matra-144x144.jpg 144w, https://www.retrochap.fr/site/wp-content/uploads/2026/07/Matra.jpg 333w" sizes="auto, (max-width: 237px) 100vw, 237px" /><img loading="lazy" decoding="async" class="alignnone wp-image-12885" src="https://www.retrochap.fr/site/wp-content/uploads/2026/07/Societe-francaise-Vierzon-300x170.jpg" alt="" width="302" height="171" srcset="https://www.retrochap.fr/site/wp-content/uploads/2026/07/Societe-francaise-Vierzon-300x170.jpg 300w, https://www.retrochap.fr/site/wp-content/uploads/2026/07/Societe-francaise-Vierzon-570x323.jpg 570w, https://www.retrochap.fr/site/wp-content/uploads/2026/07/Societe-francaise-Vierzon-528x297.jpg 528w, https://www.retrochap.fr/site/wp-content/uploads/2026/07/Societe-francaise-Vierzon.jpg 738w" sizes="auto, (max-width: 302px) 100vw, 302px" /></p>
</div>
</div>
</div>
</div>
</div>
</div>
</div>
</div>
</div>
</div>
</div>
</div>
</div>

<p>Samedi 22 Août 2026 &#8211; Festivités de la Libération à Artenay. Vous trouverez ci-après le bulletin d&rsquo;adhésion pour la nouvelle édition de la commémoration de la libération d&rsquo;Artenay du samedi [&hellip;]</p>
